{"id":13795,"date":"2025-07-27T07:59:32","date_gmt":"2025-07-27T07:59:32","guid":{"rendered":"https:\/\/connectprint.md\/?post_type=product&#038;p=13795"},"modified":"2026-05-22T16:15:41","modified_gmt":"2026-05-22T16:15:41","slug":"tricou-polo-cu-maneca-scurta-220-g-m%c2%b2","status":"publish","type":"product","link":"https:\/\/connectprint.md\/?product=tricou-polo-cu-maneca-scurta-220-g-m%c2%b2","title":{"rendered":"Tricou polo cu m\u00e2nec\u0103 scurt\u0103 220 g\/m\u00b2"},"content":{"rendered":"<ul>\n<li>Tricou polo cu m\u00e2nec\u0103 scurt\u0103 de foarte bun\u0103 calitate, din material confortabil.<\/li>\n<li>Guler cu fant\u0103 cu trei nasturi de aceea\u0219i culoare.<\/li>\n<li>Guler \u0219i man\u0219ete canelate.<\/li>\n<li>Band\u0103 \u00eent\u0103rit\u0103 pentru acoperirea cus\u0103turilor la guler.<\/li>\n<li>\u0218li\u021buri laterale cu band\u0103 pentru acoperirea cus\u0103turilor de aceea\u0219i culoare.<\/li>\n<li>Model cu partea din spate mai lung\u0103 dec\u00e2t partea din fa\u021b\u0103.<\/li>\n<li>Cus\u0103turi duble la umeri, m\u00e2neci \u0219i la tiv.<\/li>\n<li><b data-v-0dde63d0=\"\">Model. M\u0103rime M, \u00cen\u0103l\u021bime 182,00cm<\/b><\/li>\n<li>Material: 100% bumbac piept\u0103nat, punct pique, 220 g\/m\u00b2.<\/li>\n<li>Culoarea gri melanj 58: 85% bumbac \/ 15% v\u00e2scoz\u0103.<\/li>\n<\/ul>\n","protected":false},"excerpt":{"rendered":"<table class=\"woocommerce-product-attributes shop_attributes table table-striped\">\n<tbody>\n<tr class=\"woocommerce-product-attributes-item woocommerce-product-attributes-item--attribute_pa_color\">\n<th class=\"woocommerce-product-attributes-item__label\">Culoare<\/th>\n<td class=\"woocommerce-product-attributes-item__value\">Alb, Albastru, Navy, Negru<\/td>\n<\/tr>\n<tr class=\"woocommerce-product-attributes-item woocommerce-product-attributes-item--attribute_pa_personalizare\">\n<th class=\"woocommerce-product-attributes-item__label\">Personalizare<\/th>\n<td class=\"woocommerce-product-attributes-item__value\">Broderie, DTF (Color), Fara personalizare, Serigrafie<\/td>\n<\/tr>\n<tr class=\"woocommerce-product-attributes-item woocommerce-product-attributes-item--attribute_pa_size\">\n<th class=\"woocommerce-product-attributes-item__label\">Dimensiune<\/th>\n<td class=\"woocommerce-product-attributes-item__value\">S, M, L, XL, 2XL<\/td>\n<\/tr>\n<\/tbody>\n<\/table>\n<p>&nbsp;<\/p>\n","protected":false},"featured_media":13799,"comment_status":"closed","ping_status":"closed","template":"","meta":[],"product_brand":[],"product_cat":[15,71],"product_tag":[],"class_list":{"0":"post-13795","1":"product","2":"type-product","3":"status-publish","4":"has-post-thumbnail","6":"product_cat-fara-categorie","7":"product_cat-tricouri_si_hanorace","9":"first","10":"instock","11":"shipping-taxable","12":"purchasable","13":"product-type-variable","14":"has-default-attributes","15":"add-to-wishlist-after_add_to_cart"},"yoast_head":"<!-- This site is optimized with the Yoast SEO plugin v26.2 - https:\/\/yoast.com\/wordpress\/plugins\/seo\/ -->\n<title>Tricou polo cu m\u00e2nec\u0103 scurt\u0103 220 g\/m\u00b2 - ConnectPRINT<\/title>\n<meta name=\"description\" content=\"Tricou polo cu m\u00e2nec\u0103 scurt\u0103 220 g\/m\u00b2\" \/>\n<meta name=\"robots\" content=\"index, follow, max-snippet:-1, max-image-preview:large, max-video-preview:-1\" \/>\n<link rel=\"canonical\" href=\"https:\/\/connectprint.md\/?product=tricou-polo-cu-maneca-scurta-220-g-m\u00b2\" \/>\n<meta property=\"og:locale\" content=\"ro_RO\" \/>\n<meta property=\"og:type\" content=\"article\" \/>\n<meta property=\"og:title\" content=\"Tricou polo cu m\u00e2nec\u0103 scurt\u0103 220 g\/m\u00b2 - ConnectPRINT\" \/>\n<meta property=\"og:description\" content=\"Tricou polo cu m\u00e2nec\u0103 scurt\u0103 220 g\/m\u00b2\" \/>\n<meta property=\"og:url\" content=\"https:\/\/connectprint.md\/?product=tricou-polo-cu-maneca-scurta-220-g-m\u00b2\" \/>\n<meta property=\"og:site_name\" content=\"ConnectPRINT\" \/>\n<meta property=\"article:modified_time\" content=\"2026-05-22T16:15:41+00:00\" \/>\n<meta property=\"og:image\" content=\"https:\/\/connectprint.md\/wp-content\/uploads\/2025\/07\/1-21.png\" \/>\n\t<meta property=\"og:image:width\" content=\"524\" \/>\n\t<meta property=\"og:image:height\" content=\"584\" \/>\n\t<meta property=\"og:image:type\" content=\"image\/png\" \/>\n<meta name=\"twitter:card\" content=\"summary_large_image\" \/>\n<meta name=\"twitter:label1\" content=\"Timp estimat pentru citire\" \/>\n\t<meta name=\"twitter:data1\" content=\"1 minut\" \/>\n<script type=\"application\/ld+json\" class=\"yoast-schema-graph\">{\"@context\":\"https:\/\/schema.org\",\"@graph\":[{\"@type\":\"WebPage\",\"@id\":\"https:\/\/connectprint.md\/?product=tricou-polo-cu-maneca-scurta-220-g-m%c2%b2\",\"url\":\"https:\/\/connectprint.md\/?product=tricou-polo-cu-maneca-scurta-220-g-m%c2%b2\",\"name\":\"Tricou polo cu m\u00e2nec\u0103 scurt\u0103 220 g\/m\u00b2 - ConnectPRINT\",\"isPartOf\":{\"@id\":\"https:\/\/connectprint.md\/#website\"},\"primaryImageOfPage\":{\"@id\":\"https:\/\/connectprint.md\/?product=tricou-polo-cu-maneca-scurta-220-g-m%c2%b2#primaryimage\"},\"image\":{\"@id\":\"https:\/\/connectprint.md\/?product=tricou-polo-cu-maneca-scurta-220-g-m%c2%b2#primaryimage\"},\"thumbnailUrl\":\"https:\/\/connectprint.md\/wp-content\/uploads\/2025\/07\/1-21.png\",\"datePublished\":\"2025-07-27T07:59:32+00:00\",\"dateModified\":\"2026-05-22T16:15:41+00:00\",\"description\":\"Tricou polo cu m\u00e2nec\u0103 scurt\u0103 220 g\/m\u00b2\",\"breadcrumb\":{\"@id\":\"https:\/\/connectprint.md\/?product=tricou-polo-cu-maneca-scurta-220-g-m%c2%b2#breadcrumb\"},\"inLanguage\":\"ro-RO\",\"potentialAction\":[{\"@type\":\"ReadAction\",\"target\":[\"https:\/\/connectprint.md\/?product=tricou-polo-cu-maneca-scurta-220-g-m%c2%b2\"]}]},{\"@type\":\"ImageObject\",\"inLanguage\":\"ro-RO\",\"@id\":\"https:\/\/connectprint.md\/?product=tricou-polo-cu-maneca-scurta-220-g-m%c2%b2#primaryimage\",\"url\":\"https:\/\/connectprint.md\/wp-content\/uploads\/2025\/07\/1-21.png\",\"contentUrl\":\"https:\/\/connectprint.md\/wp-content\/uploads\/2025\/07\/1-21.png\",\"width\":524,\"height\":584},{\"@type\":\"BreadcrumbList\",\"@id\":\"https:\/\/connectprint.md\/?product=tricou-polo-cu-maneca-scurta-220-g-m%c2%b2#breadcrumb\",\"itemListElement\":[{\"@type\":\"ListItem\",\"position\":1,\"name\":\"Prima pagin\u0103\",\"item\":\"https:\/\/connectprint.md\/\"},{\"@type\":\"ListItem\",\"position\":2,\"name\":\"Magazin\",\"item\":\"https:\/\/connectprint.md\/?page_id=6\"},{\"@type\":\"ListItem\",\"position\":3,\"name\":\"Tricou polo cu m\u00e2nec\u0103 scurt\u0103 220 g\/m\u00b2\"}]},{\"@type\":\"WebSite\",\"@id\":\"https:\/\/connectprint.md\/#website\",\"url\":\"https:\/\/connectprint.md\/\",\"name\":\"ConnectPRINT\",\"description\":\"\",\"publisher\":{\"@id\":\"https:\/\/connectprint.md\/#organization\"},\"potentialAction\":[{\"@type\":\"SearchAction\",\"target\":{\"@type\":\"EntryPoint\",\"urlTemplate\":\"https:\/\/connectprint.md\/?s={search_term_string}\"},\"query-input\":{\"@type\":\"PropertyValueSpecification\",\"valueRequired\":true,\"valueName\":\"search_term_string\"}}],\"inLanguage\":\"ro-RO\"},{\"@type\":\"Organization\",\"@id\":\"https:\/\/connectprint.md\/#organization\",\"name\":\"ConnectPRINT\",\"url\":\"https:\/\/connectprint.md\/\",\"logo\":{\"@type\":\"ImageObject\",\"inLanguage\":\"ro-RO\",\"@id\":\"https:\/\/connectprint.md\/#\/schema\/logo\/image\/\",\"url\":\"https:\/\/connectprint.md\/wp-content\/uploads\/2025\/07\/pentru-ico.png\",\"contentUrl\":\"https:\/\/connectprint.md\/wp-content\/uploads\/2025\/07\/pentru-ico.png\",\"width\":474,\"height\":526,\"caption\":\"ConnectPRINT\"},\"image\":{\"@id\":\"https:\/\/connectprint.md\/#\/schema\/logo\/image\/\"}}]}<\/script>\n<!-- \/ Yoast SEO plugin. -->","yoast_head_json":{"title":"Tricou polo cu m\u00e2nec\u0103 scurt\u0103 220 g\/m\u00b2 - ConnectPRINT","description":"Tricou polo cu m\u00e2nec\u0103 scurt\u0103 220 g\/m\u00b2","robots":{"index":"index","follow":"follow","max-snippet":"max-snippet:-1","max-image-preview":"max-image-preview:large","max-video-preview":"max-video-preview:-1"},"canonical":"https:\/\/connectprint.md\/?product=tricou-polo-cu-maneca-scurta-220-g-m\u00b2","og_locale":"ro_RO","og_type":"article","og_title":"Tricou polo cu m\u00e2nec\u0103 scurt\u0103 220 g\/m\u00b2 - ConnectPRINT","og_description":"Tricou polo cu m\u00e2nec\u0103 scurt\u0103 220 g\/m\u00b2","og_url":"https:\/\/connectprint.md\/?product=tricou-polo-cu-maneca-scurta-220-g-m\u00b2","og_site_name":"ConnectPRINT","article_modified_time":"2026-05-22T16:15:41+00:00","og_image":[{"width":524,"height":584,"url":"https:\/\/connectprint.md\/wp-content\/uploads\/2025\/07\/1-21.png","type":"image\/png"}],"twitter_card":"summary_large_image","twitter_misc":{"Timp estimat pentru citire":"1 minut"},"schema":{"@context":"https:\/\/schema.org","@graph":[{"@type":"WebPage","@id":"https:\/\/connectprint.md\/?product=tricou-polo-cu-maneca-scurta-220-g-m%c2%b2","url":"https:\/\/connectprint.md\/?product=tricou-polo-cu-maneca-scurta-220-g-m%c2%b2","name":"Tricou polo cu m\u00e2nec\u0103 scurt\u0103 220 g\/m\u00b2 - ConnectPRINT","isPartOf":{"@id":"https:\/\/connectprint.md\/#website"},"primaryImageOfPage":{"@id":"https:\/\/connectprint.md\/?product=tricou-polo-cu-maneca-scurta-220-g-m%c2%b2#primaryimage"},"image":{"@id":"https:\/\/connectprint.md\/?product=tricou-polo-cu-maneca-scurta-220-g-m%c2%b2#primaryimage"},"thumbnailUrl":"https:\/\/connectprint.md\/wp-content\/uploads\/2025\/07\/1-21.png","datePublished":"2025-07-27T07:59:32+00:00","dateModified":"2026-05-22T16:15:41+00:00","description":"Tricou polo cu m\u00e2nec\u0103 scurt\u0103 220 g\/m\u00b2","breadcrumb":{"@id":"https:\/\/connectprint.md\/?product=tricou-polo-cu-maneca-scurta-220-g-m%c2%b2#breadcrumb"},"inLanguage":"ro-RO","potentialAction":[{"@type":"ReadAction","target":["https:\/\/connectprint.md\/?product=tricou-polo-cu-maneca-scurta-220-g-m%c2%b2"]}]},{"@type":"ImageObject","inLanguage":"ro-RO","@id":"https:\/\/connectprint.md\/?product=tricou-polo-cu-maneca-scurta-220-g-m%c2%b2#primaryimage","url":"https:\/\/connectprint.md\/wp-content\/uploads\/2025\/07\/1-21.png","contentUrl":"https:\/\/connectprint.md\/wp-content\/uploads\/2025\/07\/1-21.png","width":524,"height":584},{"@type":"BreadcrumbList","@id":"https:\/\/connectprint.md\/?product=tricou-polo-cu-maneca-scurta-220-g-m%c2%b2#breadcrumb","itemListElement":[{"@type":"ListItem","position":1,"name":"Prima pagin\u0103","item":"https:\/\/connectprint.md\/"},{"@type":"ListItem","position":2,"name":"Magazin","item":"https:\/\/connectprint.md\/?page_id=6"},{"@type":"ListItem","position":3,"name":"Tricou polo cu m\u00e2nec\u0103 scurt\u0103 220 g\/m\u00b2"}]},{"@type":"WebSite","@id":"https:\/\/connectprint.md\/#website","url":"https:\/\/connectprint.md\/","name":"ConnectPRINT","description":"","publisher":{"@id":"https:\/\/connectprint.md\/#organization"},"potentialAction":[{"@type":"SearchAction","target":{"@type":"EntryPoint","urlTemplate":"https:\/\/connectprint.md\/?s={search_term_string}"},"query-input":{"@type":"PropertyValueSpecification","valueRequired":true,"valueName":"search_term_string"}}],"inLanguage":"ro-RO"},{"@type":"Organization","@id":"https:\/\/connectprint.md\/#organization","name":"ConnectPRINT","url":"https:\/\/connectprint.md\/","logo":{"@type":"ImageObject","inLanguage":"ro-RO","@id":"https:\/\/connectprint.md\/#\/schema\/logo\/image\/","url":"https:\/\/connectprint.md\/wp-content\/uploads\/2025\/07\/pentru-ico.png","contentUrl":"https:\/\/connectprint.md\/wp-content\/uploads\/2025\/07\/pentru-ico.png","width":474,"height":526,"caption":"ConnectPRINT"},"image":{"@id":"https:\/\/connectprint.md\/#\/schema\/logo\/image\/"}}]}},"jetpack_sharing_enabled":true,"_links":{"self":[{"href":"https:\/\/connectprint.md\/index.php?rest_route=\/wp\/v2\/product\/13795","targetHints":{"allow":["GET"]}}],"collection":[{"href":"https:\/\/connectprint.md\/index.php?rest_route=\/wp\/v2\/product"}],"about":[{"href":"https:\/\/connectprint.md\/index.php?rest_route=\/wp\/v2\/types\/product"}],"replies":[{"embeddable":true,"href":"https:\/\/connectprint.md\/index.php?rest_route=%2Fwp%2Fv2%2Fcomments&post=13795"}],"wp:featuredmedia":[{"embeddable":true,"href":"https:\/\/connectprint.md\/index.php?rest_route=\/wp\/v2\/media\/13799"}],"wp:attachment":[{"href":"https:\/\/connectprint.md\/index.php?rest_route=%2Fwp%2Fv2%2Fmedia&parent=13795"}],"wp:term":[{"taxonomy":"product_brand","embeddable":true,"href":"https:\/\/connectprint.md\/index.php?rest_route=%2Fwp%2Fv2%2Fproduct_brand&post=13795"},{"taxonomy":"product_cat","embeddable":true,"href":"https:\/\/connectprint.md\/index.php?rest_route=%2Fwp%2Fv2%2Fproduct_cat&post=13795"},{"taxonomy":"product_tag","embeddable":true,"href":"https:\/\/connectprint.md\/index.php?rest_route=%2Fwp%2Fv2%2Fproduct_tag&post=13795"}],"curies":[{"name":"wp","href":"https:\/\/api.w.org\/{rel}","templated":true}]}}

Tricou polo cu mânecă scurtă 220 g/m²

<ul>
<li>Tricou polo cu mânecă scurtă de foarte bună calitate, din material confortabil.</li>
<li>Guler cu fantă cu trei nasturi de aceeași culoare.</li>
<li>Guler și manșete canelate.</li>
<li>Bandă întărită pentru acoperirea cusăturilor la guler.</li>
<li>Șlițuri laterale cu bandă pentru acoperirea cusăturilor de aceeași culoare.</li>
<li>Model cu partea din spate mai lungă decât partea din față.</li>
<li>Cusături duble la umeri, mâneci și la tiv.</li>
<li><b data-v-0dde63d0="">Model. Mărime M, Înălțime 182,00cm</b></li>
<li>Material: 100% bumbac pieptănat, punct pique, 220 g/m².</li>
<li>Culoarea gri melanj 58: 85% bumbac / 15% vâscoză.</li>
</ul>

<!-- This site is optimized with the Yoast SEO plugin v26.2 - https://yoast.com/wordpress/plugins/seo/ -->
<title>Tricou polo cu mânecă scurtă 220 g/m² - ConnectPRINT</title>
<meta name="description" content="Tricou polo cu mânecă scurtă 220 g/m²" />
<meta name="robots" content="index, follow, max-snippet:-1, max-image-preview:large, max-video-preview:-1" />
<link rel="canonical" href="https://connectprint.md/?product=tricou-polo-cu-maneca-scurta-220-g-m²" />
<meta property="og:locale" content="ro_RO" />
<meta property="og:type" content="article" />
<meta property="og:title" content="Tricou polo cu mânecă scurtă 220 g/m² - ConnectPRINT" />
<meta property="og:description" content="Tricou polo cu mânecă scurtă 220 g/m²" />
<meta property="og:url" content="https://connectprint.md/?product=tricou-polo-cu-maneca-scurta-220-g-m²" />
<meta property="og:site_name" content="ConnectPRINT" />
<meta property="article:modified_time" content="2026-05-22T16:15:41+00:00" />
<meta property="og:image" content="https://connectprint.md/wp-content/uploads/2025/07/1-21.png" />
	<meta property="og:image:width" content="524" />
	<meta property="og:image:height" content="584" />
	<meta property="og:image:type" content="image/png" />
<meta name="twitter:card" content="summary_large_image" />
<meta name="twitter:label1" content="Timp estimat pentru citire" />
	<meta name="twitter:data1" content="1 minut" />
<script type="application/ld+json" class="yoast-schema-graph">{"@context":"https://schema.org","@graph":[{"@type":"WebPage","@id":"https://connectprint.md/?product=tricou-polo-cu-maneca-scurta-220-g-m%c2%b2","url":"https://connectprint.md/?product=tricou-polo-cu-maneca-scurta-220-g-m%c2%b2","name":"Tricou polo cu mânecă scurtă 220 g/m² - ConnectPRINT","isPartOf":{"@id":"https://connectprint.md/#website"},"primaryImageOfPage":{"@id":"https://connectprint.md/?product=tricou-polo-cu-maneca-scurta-220-g-m%c2%b2#primaryimage"},"image":{"@id":"https://connectprint.md/?product=tricou-polo-cu-maneca-scurta-220-g-m%c2%b2#primaryimage"},"thumbnailUrl":"https://connectprint.md/wp-content/uploads/2025/07/1-21.png","datePublished":"2025-07-27T07:59:32+00:00","dateModified":"2026-05-22T16:15:41+00:00","description":"Tricou polo cu mânecă scurtă 220 g/m²","breadcrumb":{"@id":"https://connectprint.md/?product=tricou-polo-cu-maneca-scurta-220-g-m%c2%b2#breadcrumb"},"inLanguage":"ro-RO","potentialAction":[{"@type":"ReadAction","target":["https://connectprint.md/?product=tricou-polo-cu-maneca-scurta-220-g-m%c2%b2"]}]},{"@type":"ImageObject","inLanguage":"ro-RO","@id":"https://connectprint.md/?product=tricou-polo-cu-maneca-scurta-220-g-m%c2%b2#primaryimage","url":"https://connectprint.md/wp-content/uploads/2025/07/1-21.png","contentUrl":"https://connectprint.md/wp-content/uploads/2025/07/1-21.png","width":524,"height":584},{"@type":"BreadcrumbList","@id":"https://connectprint.md/?product=tricou-polo-cu-maneca-scurta-220-g-m%c2%b2#breadcrumb","itemListElement":[{"@type":"ListItem","position":1,"name":"Prima pagină","item":"https://connectprint.md/"},{"@type":"ListItem","position":2,"name":"Magazin","item":"https://connectprint.md/?page_id=6"},{"@type":"ListItem","position":3,"name":"Tricou polo cu mânecă scurtă 220 g/m²"}]},{"@type":"WebSite","@id":"https://connectprint.md/#website","url":"https://connectprint.md/","name":"ConnectPRINT","description":"","publisher":{"@id":"https://connectprint.md/#organization"},"potentialAction":[{"@type":"SearchAction","target":{"@type":"EntryPoint","urlTemplate":"https://connectprint.md/?s={search_term_string}"},"query-input":{"@type":"PropertyValueSpecification","valueRequired":true,"valueName":"search_term_string"}}],"inLanguage":"ro-RO"},{"@type":"Organization","@id":"https://connectprint.md/#organization","name":"ConnectPRINT","url":"https://connectprint.md/","logo":{"@type":"ImageObject","inLanguage":"ro-RO","@id":"https://connectprint.md/#/schema/logo/image/","url":"https://connectprint.md/wp-content/uploads/2025/07/pentru-ico.png","contentUrl":"https://connectprint.md/wp-content/uploads/2025/07/pentru-ico.png","width":474,"height":526,"caption":"ConnectPRINT"},"image":{"@id":"https://connectprint.md/#/schema/logo/image/"}}]}</script>
<!-- / Yoast SEO plugin. -->

Tricou polo cu mânecă scurtă 220 g/m² - ConnectPRINT

Prima pagină
