{"id":13725,"date":"2025-07-26T06:54:41","date_gmt":"2025-07-26T06:54:41","guid":{"rendered":"https:\/\/connectprint.md\/?post_type=product&#038;p=13725"},"modified":"2025-07-26T06:56:31","modified_gmt":"2025-07-26T06:56:31","slug":"stegulete-din-satin","status":"publish","type":"product","link":"https:\/\/connectprint.md\/?product=stegulete-din-satin","title":{"rendered":"Stegule\u021be din satin"},"content":{"rendered":"<ul>\n<li>Stegulete din satin &#8211; culori vii , vizibilitate fa\u021b\u0103 \/ verso foarte bun\u0103;<\/li>\n<li><b>Material:<\/b>\u00a0este executat din poliester, 100%, cu o greutate de 240 &#8211; 420 g;<\/li>\n<li>are o bun\u0103 rezisten\u021b\u0103 \u00een orice condi\u021bii atmosferice \u0219i este stabil UV si antistatic;<\/li>\n<li>are opacitate redus\u0103, dar este rezistent la sc\u0103mo\u0219ire \u0219i la sifonare;<\/li>\n<li>cerneala folosit\u0103 este\u00a0 cerneal\u0103 de imprimare prin sublimare, fixat\u0103 pe materialul textil in cuptor special la 190 de grade Celsius, ecologic\u0103 .<\/li>\n<li>finisarea marginilor se face prin taierea cu laser si poate avea buzunar pe partea stanga:<\/li>\n<\/ul>\n","protected":false},"excerpt":{"rendered":"<p>Stegulete din satin &#8211; culori vii , vizibilitate fa\u021b\u0103 \/ verso foarte bun\u0103; Material:\u00a0este executat din poliester, 100%, cu o greutate de 240 &#8211; 420 g; are o bun\u0103 rezisten\u021b\u0103 \u00een orice condi\u021bii atmosferice \u0219i este stabil UV si antistatic; are opacitate redus\u0103, dar este rezistent la sc\u0103mo\u0219ire \u0219i la sifonare; cerneala folosit\u0103 este\u00a0 cerneal\u0103 de imprimare prin sublimare, fixat\u0103 pe materialul textil in cuptor special la 190 de grade Celsius, ecologic\u0103 . finisarea marginilor se face prin taierea cu laser si poate avea buzunar pe partea stanga:<\/p>\n","protected":false},"featured_media":13729,"comment_status":"closed","ping_status":"closed","template":"","meta":[],"product_brand":[],"product_cat":[15,72],"product_tag":[],"class_list":{"0":"post-13725","1":"product","2":"type-product","3":"status-publish","4":"has-post-thumbnail","6":"product_cat-fara-categorie","7":"product_cat-stegulete_si_fanioane","9":"first","10":"instock","11":"shipping-taxable","12":"purchasable","13":"product-type-variable","14":"has-default-attributes","15":"add-to-wishlist-after_add_to_cart"},"yoast_head":"<!-- This site is optimized with the Yoast SEO plugin v26.2 - https:\/\/yoast.com\/wordpress\/plugins\/seo\/ -->\n<title>Stegule\u021be din satin - ConnectPRINT<\/title>\n<meta name=\"description\" content=\"Stegule\u021be din satin\" \/>\n<meta name=\"robots\" content=\"index, follow, max-snippet:-1, max-image-preview:large, max-video-preview:-1\" \/>\n<link rel=\"canonical\" href=\"https:\/\/connectprint.md\/?product=stegulete-din-satin\" \/>\n<meta property=\"og:locale\" content=\"ro_RO\" \/>\n<meta property=\"og:type\" content=\"article\" \/>\n<meta property=\"og:title\" content=\"Stegule\u021be din satin - ConnectPRINT\" \/>\n<meta property=\"og:description\" content=\"Stegule\u021be din satin\" \/>\n<meta property=\"og:url\" content=\"https:\/\/connectprint.md\/?product=stegulete-din-satin\" \/>\n<meta property=\"og:site_name\" content=\"ConnectPRINT\" \/>\n<meta property=\"article:modified_time\" content=\"2025-07-26T06:56:31+00:00\" \/>\n<meta property=\"og:image\" content=\"https:\/\/connectprint.md\/wp-content\/uploads\/2025\/07\/1-8.png\" \/>\n\t<meta property=\"og:image:width\" content=\"353\" \/>\n\t<meta property=\"og:image:height\" content=\"459\" \/>\n\t<meta property=\"og:image:type\" content=\"image\/png\" \/>\n<meta name=\"twitter:card\" content=\"summary_large_image\" \/>\n<meta name=\"twitter:label1\" content=\"Timp estimat pentru citire\" \/>\n\t<meta name=\"twitter:data1\" content=\"1 minut\" \/>\n<script type=\"application\/ld+json\" class=\"yoast-schema-graph\">{\"@context\":\"https:\/\/schema.org\",\"@graph\":[{\"@type\":\"WebPage\",\"@id\":\"https:\/\/connectprint.md\/?product=stegulete-din-satin\",\"url\":\"https:\/\/connectprint.md\/?product=stegulete-din-satin\",\"name\":\"Stegule\u021be din satin - ConnectPRINT\",\"isPartOf\":{\"@id\":\"https:\/\/connectprint.md\/#website\"},\"primaryImageOfPage\":{\"@id\":\"https:\/\/connectprint.md\/?product=stegulete-din-satin#primaryimage\"},\"image\":{\"@id\":\"https:\/\/connectprint.md\/?product=stegulete-din-satin#primaryimage\"},\"thumbnailUrl\":\"https:\/\/connectprint.md\/wp-content\/uploads\/2025\/07\/1-8.png\",\"datePublished\":\"2025-07-26T06:54:41+00:00\",\"dateModified\":\"2025-07-26T06:56:31+00:00\",\"description\":\"Stegule\u021be din satin\",\"breadcrumb\":{\"@id\":\"https:\/\/connectprint.md\/?product=stegulete-din-satin#breadcrumb\"},\"inLanguage\":\"ro-RO\",\"potentialAction\":[{\"@type\":\"ReadAction\",\"target\":[\"https:\/\/connectprint.md\/?product=stegulete-din-satin\"]}]},{\"@type\":\"ImageObject\",\"inLanguage\":\"ro-RO\",\"@id\":\"https:\/\/connectprint.md\/?product=stegulete-din-satin#primaryimage\",\"url\":\"https:\/\/connectprint.md\/wp-content\/uploads\/2025\/07\/1-8.png\",\"contentUrl\":\"https:\/\/connectprint.md\/wp-content\/uploads\/2025\/07\/1-8.png\",\"width\":353,\"height\":459},{\"@type\":\"BreadcrumbList\",\"@id\":\"https:\/\/connectprint.md\/?product=stegulete-din-satin#breadcrumb\",\"itemListElement\":[{\"@type\":\"ListItem\",\"position\":1,\"name\":\"Prima pagin\u0103\",\"item\":\"https:\/\/connectprint.md\/\"},{\"@type\":\"ListItem\",\"position\":2,\"name\":\"Magazin\",\"item\":\"https:\/\/connectprint.md\/?page_id=6\"},{\"@type\":\"ListItem\",\"position\":3,\"name\":\"Stegule\u021be din satin\"}]},{\"@type\":\"WebSite\",\"@id\":\"https:\/\/connectprint.md\/#website\",\"url\":\"https:\/\/connectprint.md\/\",\"name\":\"ConnectPRINT\",\"description\":\"\",\"publisher\":{\"@id\":\"https:\/\/connectprint.md\/#organization\"},\"potentialAction\":[{\"@type\":\"SearchAction\",\"target\":{\"@type\":\"EntryPoint\",\"urlTemplate\":\"https:\/\/connectprint.md\/?s={search_term_string}\"},\"query-input\":{\"@type\":\"PropertyValueSpecification\",\"valueRequired\":true,\"valueName\":\"search_term_string\"}}],\"inLanguage\":\"ro-RO\"},{\"@type\":\"Organization\",\"@id\":\"https:\/\/connectprint.md\/#organization\",\"name\":\"ConnectPRINT\",\"url\":\"https:\/\/connectprint.md\/\",\"logo\":{\"@type\":\"ImageObject\",\"inLanguage\":\"ro-RO\",\"@id\":\"https:\/\/connectprint.md\/#\/schema\/logo\/image\/\",\"url\":\"https:\/\/connectprint.md\/wp-content\/uploads\/2025\/07\/pentru-ico.png\",\"contentUrl\":\"https:\/\/connectprint.md\/wp-content\/uploads\/2025\/07\/pentru-ico.png\",\"width\":474,\"height\":526,\"caption\":\"ConnectPRINT\"},\"image\":{\"@id\":\"https:\/\/connectprint.md\/#\/schema\/logo\/image\/\"}}]}<\/script>\n<!-- \/ Yoast SEO plugin. -->","yoast_head_json":{"title":"Stegule\u021be din satin - ConnectPRINT","description":"Stegule\u021be din satin","robots":{"index":"index","follow":"follow","max-snippet":"max-snippet:-1","max-image-preview":"max-image-preview:large","max-video-preview":"max-video-preview:-1"},"canonical":"https:\/\/connectprint.md\/?product=stegulete-din-satin","og_locale":"ro_RO","og_type":"article","og_title":"Stegule\u021be din satin - ConnectPRINT","og_description":"Stegule\u021be din satin","og_url":"https:\/\/connectprint.md\/?product=stegulete-din-satin","og_site_name":"ConnectPRINT","article_modified_time":"2025-07-26T06:56:31+00:00","og_image":[{"width":353,"height":459,"url":"https:\/\/connectprint.md\/wp-content\/uploads\/2025\/07\/1-8.png","type":"image\/png"}],"twitter_card":"summary_large_image","twitter_misc":{"Timp estimat pentru citire":"1 minut"},"schema":{"@context":"https:\/\/schema.org","@graph":[{"@type":"WebPage","@id":"https:\/\/connectprint.md\/?product=stegulete-din-satin","url":"https:\/\/connectprint.md\/?product=stegulete-din-satin","name":"Stegule\u021be din satin - ConnectPRINT","isPartOf":{"@id":"https:\/\/connectprint.md\/#website"},"primaryImageOfPage":{"@id":"https:\/\/connectprint.md\/?product=stegulete-din-satin#primaryimage"},"image":{"@id":"https:\/\/connectprint.md\/?product=stegulete-din-satin#primaryimage"},"thumbnailUrl":"https:\/\/connectprint.md\/wp-content\/uploads\/2025\/07\/1-8.png","datePublished":"2025-07-26T06:54:41+00:00","dateModified":"2025-07-26T06:56:31+00:00","description":"Stegule\u021be din satin","breadcrumb":{"@id":"https:\/\/connectprint.md\/?product=stegulete-din-satin#breadcrumb"},"inLanguage":"ro-RO","potentialAction":[{"@type":"ReadAction","target":["https:\/\/connectprint.md\/?product=stegulete-din-satin"]}]},{"@type":"ImageObject","inLanguage":"ro-RO","@id":"https:\/\/connectprint.md\/?product=stegulete-din-satin#primaryimage","url":"https:\/\/connectprint.md\/wp-content\/uploads\/2025\/07\/1-8.png","contentUrl":"https:\/\/connectprint.md\/wp-content\/uploads\/2025\/07\/1-8.png","width":353,"height":459},{"@type":"BreadcrumbList","@id":"https:\/\/connectprint.md\/?product=stegulete-din-satin#breadcrumb","itemListElement":[{"@type":"ListItem","position":1,"name":"Prima pagin\u0103","item":"https:\/\/connectprint.md\/"},{"@type":"ListItem","position":2,"name":"Magazin","item":"https:\/\/connectprint.md\/?page_id=6"},{"@type":"ListItem","position":3,"name":"Stegule\u021be din satin"}]},{"@type":"WebSite","@id":"https:\/\/connectprint.md\/#website","url":"https:\/\/connectprint.md\/","name":"ConnectPRINT","description":"","publisher":{"@id":"https:\/\/connectprint.md\/#organization"},"potentialAction":[{"@type":"SearchAction","target":{"@type":"EntryPoint","urlTemplate":"https:\/\/connectprint.md\/?s={search_term_string}"},"query-input":{"@type":"PropertyValueSpecification","valueRequired":true,"valueName":"search_term_string"}}],"inLanguage":"ro-RO"},{"@type":"Organization","@id":"https:\/\/connectprint.md\/#organization","name":"ConnectPRINT","url":"https:\/\/connectprint.md\/","logo":{"@type":"ImageObject","inLanguage":"ro-RO","@id":"https:\/\/connectprint.md\/#\/schema\/logo\/image\/","url":"https:\/\/connectprint.md\/wp-content\/uploads\/2025\/07\/pentru-ico.png","contentUrl":"https:\/\/connectprint.md\/wp-content\/uploads\/2025\/07\/pentru-ico.png","width":474,"height":526,"caption":"ConnectPRINT"},"image":{"@id":"https:\/\/connectprint.md\/#\/schema\/logo\/image\/"}}]}},"jetpack_sharing_enabled":true,"_links":{"self":[{"href":"https:\/\/connectprint.md\/index.php?rest_route=\/wp\/v2\/product\/13725","targetHints":{"allow":["GET"]}}],"collection":[{"href":"https:\/\/connectprint.md\/index.php?rest_route=\/wp\/v2\/product"}],"about":[{"href":"https:\/\/connectprint.md\/index.php?rest_route=\/wp\/v2\/types\/product"}],"replies":[{"embeddable":true,"href":"https:\/\/connectprint.md\/index.php?rest_route=%2Fwp%2Fv2%2Fcomments&post=13725"}],"wp:featuredmedia":[{"embeddable":true,"href":"https:\/\/connectprint.md\/index.php?rest_route=\/wp\/v2\/media\/13729"}],"wp:attachment":[{"href":"https:\/\/connectprint.md\/index.php?rest_route=%2Fwp%2Fv2%2Fmedia&parent=13725"}],"wp:term":[{"taxonomy":"product_brand","embeddable":true,"href":"https:\/\/connectprint.md\/index.php?rest_route=%2Fwp%2Fv2%2Fproduct_brand&post=13725"},{"taxonomy":"product_cat","embeddable":true,"href":"https:\/\/connectprint.md\/index.php?rest_route=%2Fwp%2Fv2%2Fproduct_cat&post=13725"},{"taxonomy":"product_tag","embeddable":true,"href":"https:\/\/connectprint.md\/index.php?rest_route=%2Fwp%2Fv2%2Fproduct_tag&post=13725"}],"curies":[{"name":"wp","href":"https:\/\/api.w.org\/{rel}","templated":true}]}}